u = -15 - -15. Let o be 6/(-10)*(-10)/2. Let i(q) = 2*q**2 + q + 11. Let w(c) = -3*c**2 - 2*c - 22. Let j(f) = o*w(f) + 5*i(f). Determine j(u).
-11
Let a = -11 - 4. Let b be -16 - (1/5 - (-3)/(-15)). Let k = a - b. Let z(t) = -2*t**3 + 2*t**2 - t. Give z(k).
-1
Let g be ((-4)/(-7))/((-6)/(-42)). Let q be ((-3)/2)/((-6)/g). Let x(h) = 8*h + 0*h - 3*h - 1. Determine x(q).
4
Let y(t) = 11*t**3 - 3*t**2 - 9*t - 2. Let s(j) = 20*j**3 - 5*j**2 - 16*j - 4. Let z(l) = 6*s(l) - 11*y(l). Give z(4).
-6
Let c(z) = 159 + 6*z - 81 + 0*z**2 - 85 + z**2. Calculate c(-10).
33
Let y(o) = 3*o**3 - o**2 + o + 1. Let i(x) = -17*x**3 - x**2 - 4*x - 5. Let m(s) = -i(s) - 6*y(s). Calculate m(6).
23
Let y(u) = -5*u**2 - 46*u + 5. Let h(n) = n**2 + 9*n - 1. Let w(z) = 11*h(z) + 2*y(z). Let p = 54 - 29. Let x = -31 + p. Calculate w(x).
-7
Suppose t + 3*z = 3, 2*t - 16*z = -12*z - 14. Let s(w) = w**3 + 3*w**2 + 7. Determine s(t).
7
Let t be ((-6)/9)/((-12)/(-54)). Let s(d) = -14*d - 8. Let r(v) = -9*v - 6. Let z(c) = -7*r(c) + 5*s(c). Give z(t).
23
Let i = 2262 + -2255. Let z(h) = h**3 - 9*h**2 + 8*h + 6. What is z(i)?
-36
Let h be ((-6)/9)/((-18)/(-189)). Let l(i) = -i**2 - 3*i + 8. Calculate l(h).
-20
Suppose -o - 10 = -3*v, 2*v - 5*o - 11 = -0*v. Let k(l) = -l + 0*l + v - 2*l + 2*l. Determine k(7).
-4
Let z(h) = 4*h - 63. Let v(f) = -21*f - 679. Let n be v(-33). Determine z(n).
-7
Let y(d) = -d**3 - 9*d**2 + d - 7. Suppose -19*b + 26*b = -63. Determine y(b).
-16
Let w = 30 + -33. Let z(d) = d - 2. Calculate z(w).
-5
Let y(k) be the first derivative of -k**3/3 + 4*k**2 + k - 72. What is y(4)?
17
Let x be 0/(-2) + (-14 - -17). Let l(n) = 0*n**3 - 2*n**2 - 2*n - n - 2*n**x. Let d be 2/8 - 18/8. Calculate l(d).
14
Let k(s) = -18 + 30 - 3*s + s - 17. Let o = -20 + 30. Suppose o*p + 30 = 5*p. Give k(p).
7
Let u(w) = -409*w**2 + 820*w**2 + 6*w**3 - 409*w**2. What is u(-2)?
-40
Let r(j) = -j + 3. Suppose -f + 26 = 5*q, 9 = 5*f + 4. What is r(q)?
-2
Let g(q) be the first derivative of 2*q**2 - 2*q + 1. Suppose 90 = 7*f - 8. Suppose -3*k = 4*k + f. Determine g(k).
-10
Suppose 23*g - 18*g = 2*i + 16, 0 = -5*g + 5*i + 25. Let a(n) = -7*n**3 + 2*n - 2. What is a(g)?
-54
Let t(o) = 5*o + 141*o**2 - 70*o**2 - 3 - 72*o**2. Suppose 3*y + 30 = 8*y. Suppose 5*k = -5*w, -w + 9 = 4*k - y. Calculate t(k).
-3
Let k(m) = 3*m - 13. Let d be 3 + 8 - (25 + -18). Calculate k(d).
-1
Let o(u) = -4 - 243*u**3 + 0 + 2*u**2 + 242*u**3 + 2*u + 3. Determine o(2).
3
Suppose -106*y = -110*y + 4*s - 20, -5*y = -2*s + 25. Let i(g) = g**3 + 5*g**2 - 7*g - 25. What is i(y)?
10
Suppose x - 5*k = 15, -x = -2*k - 6 - 0. Let g = -12 + 14. Let u(v) = -v + g*v - 2*v - 1. Determine u(x).
-1
Let c(k) = -2 + 6*k**3 + 1 + 0*k**2 + 2*k**2. Suppose -3*l - 71 + 86 = 0. Suppose -3*o - 3*a + 3 = 0, 2*o + 4*a + 3 - l = 0. Give c(o).
7
Let v(z) = 2*z + 2. Let n(k) = -k**3 - 3*k**2 - k - 3. Let c be n(-4). Suppose -3*i = -c + 26. What is v(i)?
-4
Let b(q) = 7*q**3 + 10*q**2 - 10. Let o(h) be the first derivative of -h**4 - 5*h**3/3 + 5*h + 25. Let i(n) = 3*b(n) + 5*o(n). Give i(-5).
-5
Suppose -2*f = 3*f - 25. Suppose -3*p - v = -9, v = 3*p + f*v. Suppose 13 = 3*o - 5*a, 2*o - 9 = p*a + 1. Let q(g) = g**3 + g - 1. What is q(o)?
1
Let c(m) be the third derivative of -m**6/120 - m**5/6 + m**4/12 - 7*m**3/6 + m**2 + 7*m. Determine c(-10).
-27
Suppose 2*y = -10, 4*y + 4 = -i - 15. Let t be ((-6)/18*(-2 - 1))/i. Let f(u) = -15*u. Determine f(t).
-15
Let d = -9 + 6. Let w be (d - 39/(-9))*(4 + -1). Let c(h) = -h**2 + 5. Give c(w).
-11
Let n(z) = 185 - 369 + 0*z + 2*z - 7*z**2 - z**3 + 202. Determine n(-7).
4
Let m(x) be the first derivative of x**5/60 - 3*x**4/8 + x**3/2 - 7*x**2/2 - 30. Let u(q) be the second derivative of m(q). Determine u(10).
13
Let h be (-14)/3 + 85/51 - 1. Let t(x) be the second derivative of x**4/6 + x**3 + 5*x**2/2 - 5*x. Calculate t(h).
13
Let z(m) be the second derivative of 3*m**2 + 1/2*m**4 + 0 - 16*m + 7/6*m**3 + 1/20*m**5. Suppose 2 = -k - 3. Give z(k).
-4
Let v(o) be the second derivative of -o**5/30 - o**4/12 + o**3/3 + o**2 - 10*o. Let k(g) be the first derivative of v(g). Calculate k(-3).
-10
Let r(w) be the first derivative of w**4/4 - 5*w**3/3 - 5*w**2/2 - w + 36. Determine r(5).
-26
Let w(b) = b**3 + 11*b**2 - 13*b - 10. Let l(r) = r**3 + 10*r**2 - 12*r - 9. Let c(o) = -7*l(o) + 6*w(o). Suppose 10*x + 3*x + 65 = 0. Calculate c(x).
-2
Let p(w) = -2*w. Let b = 96 - 94. Let h be 384/(-208) - b/13. Give p(h).
4
Let b(z) = z + 5*z + z**3 + 2*z**2 - 4*z + 1. Let s = -41 + -135. Let q = s + 174. Determine b(q).
-3
Let n(t) = -t**3 - 7*t**2 - 7*t - 3. Let b = -12 - -8. Let j be 0 + (6 - (-1 - b)). Suppose -p + 2*q = 0, -2*p - 2*p - j*q = 33. What is n(p)?
3
Let z = 8 - 6. Let m(p) = 4*p**2 - 2*p + 3. Let l be m(z). Let h(u) = -u**2 + 16*u - 16. Let w be h(l). Let y(i) = -10*i. Calculate y(w).
10
Let k be (-9)/(-36) + (-62)/(-8). Suppose 2*q = -5*s - 4, -2*q + k = 2*q + 2*s. Let o be q + (-2 + -2)/(-4). Let b(p) = -p**2 + 3. Give b(o).
-13
Let a(m) = -m**3 - 4*m**2 + 1. Suppose 0 = -6*y - 8 + 32. Suppose 2*u = f - u + 13, 0 = -y*f + u - 19. What is a(f)?
1
Let g(n) = n**2 + 5*n + 2. Let f = 16 + -21. Let h be g(f). Let t(o) = 107 - 105 - o**2 - h*o - o. Calculate t(-3).
2
Suppose -3*u - 11 = -2*b, -2*b + 3*b + u + 2 = 0. Let x(p) = 10*p + 2. What is x(b)?
12
Let j(b) = b + 15. Let s(f) = -2*f**2 - 4*f + 22. Let k be s(3). Calculate j(k).
7
Let c(m) = 3*m**2 - m**3 - 33 + 2*m**3 - m + 94 - 32 - 31. Let f = -13 - -18. Suppose f*g + 6 = -9. What is c(g)?
1
Let w(g) = 7 + 10 + g**2 - 38*g + 5*g**3 - 6*g**3 + 38*g. What is w(0)?
17
Let m(f) = 9*f**3 + 8*f**2 + 19*f + 10. Let q(c) = -5*c**3 - 4*c**2 - 10*c - 6. Let h(d) = 6*m(d) + 11*q(d). Give h(4).
10
Let s be 8*((-18)/4 + 4). Let u(l) = 2*l + 7. Determine u(s).
-1
Let r(z) be the third derivative of -z**5/120 - z**4/12 + z**3/3 - 14*z**2. Let w(m) be the first derivative of r(m). What is w(-6)?
4
Let a(m) = 7 - 2*m - m + 5*m. Let n(h) = -h - 3. Let g(u) = -2*a(u) - 5*n(u). Let y(j) = j**3 - 4*j**2 - 4*j. Let s be y(5). What is g(s)?
6
Let x(g) = g**3 + g - 1. Let j(v) be the second derivative of -3*v**5/20 - v**3/6 + 3*v**2/2 - 12*v. Let m(r) = -2*j(r) - 5*x(r). What is m(-2)?
-3
Let c(s) = s**3 - 7*s**2 - 8*s + 9. Let g = -20 - -30. Let v be -1*16*(-5)/g. What is c(v)?
9
Let n(l) = -10*l**3 + 0*l**2 + 22*l**3 - l - 11*l**3 - 15 + 15*l**2. Determine n(-15).
0
Let v(x) = -x**2 + 8*x - 17. Suppose 5*y + 4*n = 22 + 23, -35 = -2*y - 5*n. What is v(y)?
-2
Let j(w) = -11*w**3 + 4*w**2 - 6*w - 7. Let i(s) = 20*s**3 - 7*s**2 + 10*s + 11. Let n(u) = -3*i(u) - 5*j(u). Calculate n(-2).
46
Let l = -16 + 24. Let f(k) = k**2 - 4*k - l + 1 + 4*k. Determine f(-5).
18
Let o(v) be the first derivative of -7*v**4/4 + v**2 - v - 88. Let t be 0 + -2*1 + -1. Let z = t - -4. What is o(z)?
-6
Let t(k) = k**3 - 6*k**2 + 3*k - 8. Let h(u) = -2*u - 8. Let l be h(-7). Let z be t(l). Let b(w) = -z + 4*w + w - 6*w. Calculate b(-6).
-4
Let v(b) be the second derivative of -b**6/720 + b**5/20 - 7*b**4/4 - 10*b. Let c(t) be the third derivative of v(t). Determine c(8).
-2
Let x be 3 - (4 + -4 - -1). Let c be (-2 - (-1 - x)) + 3. Let u(z) = 3 - z - 4*z**3 + z**2 - c + 0. Determine u(-1).
5
Let u(j) = 33*j + 724. Let g be u(-22). Let i(a) = a**3 + 3*a**2 - 3. Calculate i(g).
1
Let c(j) be the first derivative of -j**3 - j**2/2 - 279. Suppose 0 = -x - 3*x - 4. What is c(x)?
-2
Let k(c) = c**3 + 5*c**2 + 5*c + 4. Let y be k(-4). Let i(u) be the second derivative of 0 - 1/6*u**3 - 1/20*u**5 - 3/2*u**2 + 13*u + 1/12*u**4. Give i(y).
-3
Let q(y) = -y**3 + 4*y**2 + 5*y - 4. Suppose 3*d - 62 = 1. Let n = d + -16. Suppose 5*p = 2*p + 4*f - 1, -4*p = -n*f. Calculate q(p).
-4
Let y(d) = -851 + 7*d + 862 + 0*d**2 - d**2. Give y(8).
3
Let d(t) = 32595 - t - 32595. Let j(y) = 5*y - 3. Let o be j(2). Let k = o - 10. Give d(k).
3
Let i(z) = z**2 - 7*z + 9. Let d(y) = y**2 - y. Let f be d(3). What is i(f)?
3
Let n(q) = -6*q + 6*q + q + 2*q + 7 - q**2. Give n(6).
-11
Let o(j) = j**2 - 2. Let s(u) = 7*u**2 - 3*u - 4. Let p(x) = 3*o(x) - s(x). Give p(-2).
-24
Let z(o) = 3*o**2 + 2*o + 1. Let q = 4 - 2. Let h(s) = -s. Let n(v) = q*h(v) + z(v). Let r(j) = j**3 + 7*j**2 + 8*j - 9. Let c be r(-5). Give n(c).